{"version":"1.0","provider_name":"Barockensemble l'Estro Armonico","provider_url":"https:\/\/www.lestroarmonico.com\/wp","author_name":"Adhi Jacinth Tanumihardja","author_url":"https:\/\/www.lestroarmonico.com\/wp\/author\/tanumihardja\/","title":"Isabel Soteras Valenti - Barockvioline - Barockensemble l'Estro Armonico","type":"rich","width":600,"height":338,"html":"<blockquote class=\"wp-embedded-content\" data-secret=\"DC1CZXZy0s\"><a href=\"https:\/\/www.lestroarmonico.com\/wp\/biographien\/isabel-soteras-valenti\/\">Isabel Soteras Valenti &#8211; Barockvioline<\/a><\/blockquote><iframe sandbox=\"allow-scripts\" security=\"restricted\" src=\"https:\/\/www.lestroarmonico.com\/wp\/biographien\/isabel-soteras-valenti\/embed\/#?secret=DC1CZXZy0s\" width=\"600\" height=\"338\" title=\"&#8222;Isabel Soteras Valenti &#8211; Barockvioline&#8220; &#8211; Barockensemble l&#039;Estro Armonico\" data-secret=\"DC1CZXZy0s\" frameborder=\"0\" marginwidth=\"0\" marginheight=\"0\" scrolling=\"no\" class=\"wp-embedded-content\"><\/iframe><script>\n\/*! This file is auto-generated *\/\n!function(d,l){\"use strict\";l.querySelector&&d.addEventListener&&\"undefined\"!=typeof URL&&(d.wp=d.wp||{},d.wp.receiveEmbedMessage||(d.wp.receiveEmbedMessage=function(e){var t=e.data;if((t||t.secret||t.message||t.value)&&!\/[^a-zA-Z0-9]\/.test(t.secret)){for(var s,r,n,a=l.querySelectorAll('iframe[data-secret=\"'+t.secret+'\"]'),o=l.querySelectorAll('blockquote[data-secret=\"'+t.secret+'\"]'),c=new RegExp(\"^https?:$\",\"i\"),i=0;i<o.length;i++)o[i].style.display=\"none\";for(i=0;i<a.length;i++)s=a[i],e.source===s.contentWindow&&(s.removeAttribute(\"style\"),\"height\"===t.message?(1e3<(r=parseInt(t.value,10))?r=1e3:~~r<200&&(r=200),s.height=r):\"link\"===t.message&&(r=new URL(s.getAttribute(\"src\")),n=new URL(t.value),c.test(n.protocol))&&n.host===r.host&&l.activeElement===s&&(d.top.location.href=t.value))}},d.addEventListener(\"message\",d.wp.receiveEmbedMessage,!1),l.addEventListener(\"DOMContentLoaded\",function(){for(var e,t,s=l.querySelectorAll(\"iframe.wp-embedded-content\"),r=0;r<s.length;r++)(t=(e=s[r]).getAttribute(\"data-secret\"))||(t=Math.random().toString(36).substring(2,12),e.src+=\"#?secret=\"+t,e.setAttribute(\"data-secret\",t)),e.contentWindow.postMessage({message:\"ready\",secret:t},\"*\")},!1)))}(window,document);\n\/\/# sourceURL=https:\/\/www.lestroarmonico.com\/wp\/wp-includes\/js\/wp-embed.min.js\n<\/script>\n","thumbnail_url":"https:\/\/www.lestroarmonico.com\/wp\/wp-content\/uploads\/2022\/09\/Isabel-Soteras-Valenti-skaliert.jpg","thumbnail_width":400,"thumbnail_height":600,"description":"Isabel Soteras begann ihre musikalische Ausbildung in Barcelona, ihrer Geburtsstadt. 2009 trat sie in die Escola Superior de M\u00fasica de Catalunya ein, wo sie Violine, Barockvioline und Musikp\u00e4dagogik studierte. 2018 absolvierte sie den Masterstudiengang Historische Auff\u00fchrungspraxis an der Musikhochschule Freiburg unter der Leitung von Prof. Gottfried von der Goltz. Sie war Mitglied verschiedener Kammermusikgruppen und &hellip; \u201e\u201c weiterlesen"}

Isabel Soteras begann ihre musikalische Ausbildung in Barcelona, ihrer Geburtsstadt. 2009 trat sie in die Escola Superior de Música de Catalunya ein, wo sie Violine, Barockvioline und Musikpädagogik studierte. 2018 absolvierte sie den Masterstudiengang Historische Aufführungspraxis an der Musikhochschule Freiburg unter der Leitung von Prof. Gottfried von der Goltz. Sie war Mitglied verschiedener Kammermusikgruppen und &hellip; „“ weiterlesen
